{"id":440,"date":"2019-12-21T22:16:22","date_gmt":"2019-12-21T19:16:22","guid":{"rendered":"http:\/\/rabianazaneoldu.org\/?page_id=440"},"modified":"2019-12-24T01:30:42","modified_gmt":"2019-12-23T22:30:42","slug":"rabianazaneoldu-twitter-hesabindan-paylasilan-destek-videolari","status":"publish","type":"page","link":"http:\/\/rabianazaneoldu.org\/?page_id=440","title":{"rendered":"@RabiaNazaNeOldu twitter hesab\u0131nda payla\u015f\u0131lan destek videolar\u0131"},"content":{"rendered":"\n<a class=\"twitter-timeline\" href=\"https:\/\/twitter.com\/RabiaNazaNeOldu?ref_src=twsrc%5Etfw\">Tweets by RabiaNazaNeOldu<\/a> <script async=\"\" src=\"https:\/\/platform.twitter.com\/widgets.js\" charset=\"utf-8\"><\/script>\n","protected":false},"excerpt":{"rendered":"<p>Tweets by RabiaNazaNeOldu<\/p>\n","protected":false},"author":1,"featured_media":0,"parent":0,"menu_order":0,"comment_status":"closed","ping_status":"closed","template":"","meta":{"footnotes":""},"class_list":["post-440","page","type-page","status-publish","hentry"],"_links":{"self":[{"href":"http:\/\/rabianazaneoldu.org\/index.php?rest_route=\/wp\/v2\/pages\/440","targetHints":{"allow":["GET"]}}],"collection":[{"href":"http:\/\/rabianazaneoldu.org\/index.php?rest_route=\/wp\/v2\/pages"}],"about":[{"href":"http:\/\/rabianazaneoldu.org\/index.php?rest_route=\/wp\/v2\/types\/page"}],"author":[{"embeddable":true,"href":"http:\/\/rabianazaneoldu.org\/index.php?rest_route=\/wp\/v2\/users\/1"}],"replies":[{"embeddable":true,"href":"http:\/\/rabianazaneoldu.org\/index.php?rest_route=%2Fwp%2Fv2%2Fcomments&post=440"}],"version-history":[{"count":2,"href":"http:\/\/rabianazaneoldu.org\/index.php?rest_route=\/wp\/v2\/pages\/440\/revisions"}],"predecessor-version":[{"id":524,"href":"http:\/\/rabianazaneoldu.org\/index.php?rest_route=\/wp\/v2\/pages\/440\/revisions\/524"}],"wp:attachment":[{"href":"http:\/\/rabianazaneoldu.org\/index.php?rest_route=%2Fwp%2Fv2%2Fmedia&parent=440"}],"curies":[{"name":"wp","href":"https:\/\/api.w.org\/{rel}","templated":true}]}}